number?
False
Is 8009 a composite number?
False
Is 126173 a composite number?
False
Is 19531 a composite number?
False
Is 15611 prime?
False
Is 33443 prime?
False
Is 150109 composite?
True
Is 8861 a composite number?
False
Is 77447 a composite number?
False
Is 151491 prime?
False
Is 29765 prime?
False
Is 203291 a prime number?
False
Is 147253 a prime number?
True
Is 16381 prime?
True
Is 78457 composite?
True
Is 158113 a prime number?
True
Is 104813 prime?
False
Is 202883 a prime number?
False
Is 3299 a prime number?
True
Is 21557 prime?
True
Is 5433 a composite number?
True
Is 60829 prime?
False
Is 30787 a composite number?
True
Is 43237 composite?
False
Is 22543 a prime number?
True
Is 31499 composite?
True
Is 3311467 a composite number?
False
Is 419455 a composite number?
True
Is 1024979 prime?
False
Is 208189 a composite number?
False
Is 25237 a prime number?
True
Is 628289 composite?
False
Is 19529 a composite number?
True
Is 112811 a composite number?
True
Is 205589 a prime number?
True
Is 22469 a composite number?
False
Is 42467 composite?
False
Is 93359 composite?
True
Is 386933 a prime number?
False
Is 234947 a composite number?
False
Is 168605 a prime number?
False
Is 80141 composite?
False
Is 17059 a prime number?
False
Is 31197 composite?
True
Is 49277 a prime number?
True
Is 18111 prime?
False
Is 1341293 prime?
True
Is 787 prime?
True
Is 16129 a composite number?
True
Is 12451 composite?
False
Is 55201 a composite number?
False
Is 41429 a composite number?
True
Is 2566 a composite number?
True
Is 628289 composite?
False
Is 53349 a prime number?
False
Is 22633 a composite number?
True
Is 871 composite?
True
Is 1706 prime?
False
Is 19841 a composite number?
False
Is 87463 prime?
False
Is 5302127 a prime number?
True
Is 52747 a composite number?
False
Is 107437 prime?
False
Is 100591 a prime number?
True
Is 26339 a composite number?
False
Is 18899 a prime number?
True
Is 346 composite?
True
Is 404941 composite?
False
Is 330943 a prime number?
True
Is 22757 a prime number?
False
Is 200071 prime?
False
Is 2609 composite?
False
Is 121309 composite?
False
Is 133853 composite?
False
Is 15013 prime?
True
Is 137339 composite?
False
Is 5158 prime?
False
Is 354091 a prime number?
True
Is 272903 a prime number?
True
Is 5919 prime?
False
Is 763463 prime?
False
Is 31751 a composite number?
False
Is 1165579 a composite number?
False
Is 800987 composite?
True
Is 1390757 a composite number?
False
Is 485 a composite number?
True
Is 1227021 prime?
False
Is 79181 a composite number?
False
Is 667673 a prime number?
True
Is 431237 composite?
False
Is 89653 composite?
False
Is 369539 a composite number?
False
Is 9091 composite?
False
Is 1528979 a composite number?
False
Is 603583 a prime number?
False
Is 116159 a prime number?
True
Is 4443 a composite number?
True
Is 521 a prime number?
True
Is 139 composite?
False
Is 742369 a composite number?
False
Is 757481 a composite number?
False
Is 90121 a prime number?
True
Is 18263 a prime number?
False
Is 172247 a prime number?
False
Is 544171 a composite number?
False
Is 767785 prime?
False
Is 174737 composite?
False
Is 1087 a prime number?
True
Is 228539 a prime number?
True
Is 527 a composite number?
True
Is 1031 a composite number?
False
Is 12037 a composite number?
False
Is 16729 a composite number?
False
Is 176986 a composite number?
True
Is 39079 composite?
False
Is 122651 composite?
False
Is 40093 a composite number?
False
Is 85159 prime?
True
Is 251 prime?
True
Is 142001 composite?
True
Is 1078453 a composite number?
True
Is 1045633 prime?
True
Is 11233 a prime number?
False
Is 326431 composite?
True
Is 42815 a prime number?
False
Is 86011 prime?
True
Is 67603 a prime number?
False
Is 225427 composite?
False
Is 10909 prime?
True
Is 7499 a prime number?
True
Is 16919 prime?
False
Is 182693 a composite number?
True
Is 35347 composite?
True
Is 928409 prime?
True
Is 490519 a prime number?
True
Is 921559 a composite number?
True
Is 1052309 a prime number?
True
Is 115715 a composite number?
True
Is 22961 a composite number?
False
Is 206779 a composite number?
False
Is 1307051 a prime number?
True
Is 770123 a prime number?
True
Is 585322 a prime number?
False
Is 5777 prime?
False
Is 72857 a composite number?
True
Is 24793 a prime number?
True
Is 1374083 a prime number?
True
Is 66029 a prime number?
True
Is 3247 prime?
False
Is 25733 composite?
False
Is 44629 composite?
True
Is 1619 a prime number?
True
Is 33443 prime?
False
Is 10651 a composite number?
False
Is 259949 a composite number?
False
Is 190243 composite?
False
Is 465887 composite?
False
Is 69769 a composite number?
True
Is 22501 prime?
True
Is 7901 prime?
True
Is 802103 a composite number?
False
Is 4928113 a prime number?
False
Is 232355 a prime number?
False
Is 199853 prime?
True
Is 17023 composite?
True
Is 17687 prime?
False
Is 59665 a prime number?
False
Is 121843 composite?
False
Is 7063 prime?
False
Is 65791 a composite number?
True
Is 2999 composite?
False
Is 3959 a prime number?
False
Is 11303 composite?
True
Is 30782 prime?
False
Is 7103 a prime number?
True
Is 200933 a prime number?
False
Is 273503 prime?
True
Is 81173 composite?
False
Is 5230673 a prime number?
False
Is 69593 prime?
True
Is 49513 composite?
True
Is 466663 a prime number?
False
Is 29357 a composite number?
True
Is 36107 composite?
False
Is 29959 composite?
False
Is 745867 composite?
True
Is 132513 prime?
False
Is 52553 composite?
False
Is 1987 a prime number?
True
Is 47033 a prime number?
False
Is 32633 a composite number?
False
Is 10639 prime?
True
Is 3811 a composite number?
True
Is 5297 prime?
True
Is 6719 a prime number?
True
Is 72533 a prime number?
True
Is 9413 a prime number?
True
Is 126695 a prime number?
False
Is 292909 composite?
False
Is 15479 composite?
True
Is 25895 composite?
True
Is 941667 a composite number?
True
Is 11311 a composite number?
False
Is 27731 a composite number?
True
Is 23117 composite?
False
Is 873959 a composite number?
False
Is 513731 a composite number?
False
Is 4211 prime?
True
Is 90053 a prime number?
True
Is 37229 prime?
False
Is 23477 composite?
True
Is 1582489 composite?
False
Is 605471 composite?
False
Is 6373 prime?
True
Is 11967 a composite number?
True
Is 323677 a prime number?
False
Is 26797 a composite number?
True
Is 474997 composite?
True
Is 96749 prime?
True
Is 352861 a composite number?
True
Is 2749 composite?
False
Is 366297 a prime number?
False
Is 46603 a composite number?
True
Is 25577 composite?
False
Is 757091 a composite number?
True
Is 3470209 a prime number?
True
Is 24673 composite?
True
Is 5219 prime?
False
Is 1517 a prime number?
False
Is 3662779 a composite number?
True
Is 22223 prime?
False
Is 19529 prime?
False
Is 10727 a prime number?
False
Is 501947 prime?
True
Is 98831 a composite number?
True
Is 1973 a prime number?
True
Is 1754 prime?
False
Is 659 composite?
False
Is 51193 composite?
False
Is 110681 composite?
False
Is 24821 a composite number?
False
Is 28963 composite?
True
Is 43477 composite?
True
Is 61003 a composite number?
True
Is 376879 a prime number?
False
Is 8483 composite?
True
Is 9967 a prime number?
True
Is 83383 composite?
False
Is 431491 composite?
True
Is 19001 a composite number?
False
Is 37849 a composite number?
True
Is 50497 a composite number?
False
Is 789511 a prime number?
True
Is 4171 a prime number?
False
Is 205687 prime?
False
Is 520735 a composite number?
True
Is 8269 composite?
False
Is 117773 composite?
False
Is 9395 a prime number?
False
Is 53917 a composite number?
False
Is 161087 composite?
False
Is 31 a composite number?
False
Is 23889 composite?
True
Is 3523 composite?
True
Is 439981 prime?
True
Is 2203 prime?
True
Is 329306 a composite number?
True
Is 187951 a composite number?
False
Is 18559 composite?
True
Is 11303 a prime number?
False
Is 53347 composite?
True
Is 2813 a composite number?
True
Is 10589 composite?
False
Is 174206 composite?
True
Is 365173 a composite number?
False
Is 67957 a prime number?
True
Is 61729 composite?
False
Is 46573 composite?
False
Is 9871 a composite number?
False
Is 10189 prime?
False
Is 2183 a composite number?
True
Is 72421 composite?
False
Is 3274 prime?
False
Is 11185 a composite number?
True
Is 453677 prime?
False
Is 82129 prime?
Tr